 11. Let b(w) = -w**2 - 2*w + 42. Let v be b(6). Give c(v).
-11
Let q = -2 - -3. Let g(r) be the third derivative of r**5/30 - r**4/12 + r**3/6 - 55015*r**2. Calculate g(q).
1
Let h(o) = 23*o - 64*o + 8 + 28*o + 17*o. Give h(3).
20
Let j = 38 - 36. Let m(x) = -34*x**j + 2 + 27*x**2 + 1 - 2*x. Let n(g) = -1. Let u(q) = -m(q) - 2*n(q). Calculate u(1).
8
Let z = 497 + -492. Let a(u) = -z*u - u - u - u**2 + 6*u**3 + 6*u. Calculate a(-1).
-6
Let v = -24 - -31. Let m = -3 + v. Let o(b) = -b + 0*b - 3 - 5*b + 2*b - b**3 + 5*b**2. What is o(m)?
-3
Let f(y) = y**2 + y + 7. Suppose 11*n - 1350 = -2*d + 10*n, 5*d = -n + 3369. Let w = d - 676. What is f(w)?
13
Let f be (-66)/10 + -6 + (-2)/5. Let q(p) = -443 + 0*p**2 + 448 - 7*p - 5*p - p**2. Calculate q(f).
-8
Let r(f) = -6*f + 128. Let c = 2827 - 2806. Give r(c).
2
Suppose 13*g - 407 = -394. Let p(j) = j**3 - 2*j**2 + j. Calculate p(g).
0
Let y(z) = -z**3 + 9*z**2 - 6*z - 12. Let x = -4827 + 4835. Give y(x).
4
Let o(r) = -2*r - 508. Let i(y) = 2*y + 403. Let q(b) = -5*i(b) - 4*o(b). What is q(12)?
-7
Let s be (8/1)/2 - 29. Let t = -30 - s. Let u(g) = -2 - g + 4 - g**3 - 6 - 5*g**2. What is u(t)?
1
Let n(o) be the third derivative of -5*o**4/12 - 17*o**3/6 + 586*o**2. Determine n(5).
-67
Let v(j) = -j**3 + 5*j**2 - 2*j + 1. Let i be v(3). Let s(n) = 5*n**2 + 2*n**2 - n**3 + 0*n**2 - 11*n - 18 + n**2 + 6*n**2 + 0*n**3. What is s(i)?
8
Suppose 0 = 2*m + 3*m - 3*n - 2, 16 = -2*m - 3*n. Let g be (-5 + 7)*(7/m + 3). Let z(s) = 3*s**3 - s**2. Give z(g).
-4
Let v(o) be the third derivative of -o**5/20 + o**4/8 + o**3/6 + o**2. Let c = 120 - 100. Suppose -6*p + 2*p - c = 2*q, 4*q = 5*p + 12. Give v(q).
-17
Suppose 1173*a + 64 = 1181*a. Suppose 3*i = a + 34. Let b(p) = -p**3 + 15*p**2 - 14*p + 4. Determine b(i).
4
Let q(d) = -19*d - 24. Let t be ((-156)/(-16) + 60/(-6))*4. Calculate q(t).
-5
Suppose 16 = 2*v - 4*s, 4*s - 63 + 87 = -2*v. Let z(j) = -j**2 - 5*j - 7. What is z(v)?
-1
Let l be (630/(-270))/((-1)/(-3)). Let g(j) = 6*j - 16. Determine g(l).
-58
Let o(d) = -5*d + 139. Let j be o(24). Let v be 0 - j - (-18 - -13). Let x(t) = -t**2 - 14*t + 3. Give x(v).
3
Let d(x) = -66*x**3 + 6*x + 8*x**2 + 156 - 305 + 151 - 5*x**2 - 24*x**3. Calculate d(-1).
89
Let b(x) = -7*x. Suppose -929 - 1199 = -16*z. Let v = 134 - z. What is b(v)?
-7
Suppose -614*o + 622*o = -24. Suppose -3*j + 2 = -1. Let g(m) = -j - 1 - 17*m + 13*m. Calculate g(o).
10
Let w(f) = 2*f**2 - 14*f + 26. Suppose -4 = 4*a, -4*a = -5*b + 201 - 172. Give w(b).
6
Let a(i) be the second derivative of i**5/60 + i**4/24 - 25*i**3/6 + 21*i**2/2 + 42*i. Let v(j) be the first derivative of a(j). Calculate v(-6).
5
Let r(g) be the first derivative of g**4/4 - 5*g**3/3 + 2*g**2 - 12*g + 780. Let t be (-110)/(-10) - (0 - -6). What is r(t)?
8
Let o(n) = -n**3 - 10*n**2 - 19*n - 21. Suppose -11*j + 7*j = -3*w + 32, 0 = 5*w. Calculate o(j).
3
Let k(n) = -n**3 + n**2 + 6. Suppose -16 - 17 = -11*u. Suppose 0 = -2*z - z - u*z. Determine k(z).
6
Let i(t) be the second derivative of -t**4/12 - 8*t**3/3 + 45*t**2/2 + 933*t. What is i(-19)?
-12
Let t(n) = n**3 - 4*n**2 - 7*n + 1. Let y = 3588 - 3536. Let k be (2 - -45)*2/(-2). Let v = y + k. Determine t(v).
-9
Let f(c) = -3*c**2. Let q be (125/10)/((-2)/(-4)). Let u = q - 25. Let a be u + 2/8 - 10/8. Determine f(a).
-3
Suppose 5*i = 7*i, -5*t = -2*i - 25. Let d(h) = -h**3 + 8*h**2 - 16*h - 1. Give d(t).
-6
Let r = -46 - -48. Let x be (0 + r/(-4))/(10/(-20)). Let g(q) = -q**2 - 7*q + 7. Let j(c) = c**2 + 15*c - 15. Let y(i) = 13*g(i) + 6*j(i). Determine y(x).
-7
Let m = -5 + 3. Let p be (3/3 - m) + -1. Let a(d) = -4*d + 8. Let k(l) = -11*l + 22. Let n(t) = -8*a(t) + 3*k(t). Determine n(p).
0
Let t be 4/14 + 0 + (-549)/(-63). Let u(d) = 2 + t + 14*d - 15*d. Calculate u(6).
5
Let h(a) be the second derivative of 1/3*a**3 + 3*a**2 + 131*a + 2. Determine h(-4).
-2
Let t = 15 - 12. Let h(q) = -758*q + 5 - 3 - 762*q + 1516*q. Calculate h(t).
-10
Let c = -233 - -235. Let k(z) = 2*z - 3 - 7*z + c*z + 1 + 1. Let g = 6 - 2. What is k(g)?
-13
Let n = -15707 - -15708. Let m(o) = 21*o - 14. Calculate m(n).
7
Let s = 1013 + -1018. Let k(r) = -25*r**2 + 20*r + 3. Let a(f) = 12*f**2 - 8*f - 1. Let d(u) = s*a(u) - 2*k(u). What is d(-1)?
-11
Let x(i) = 2*i + 569 - 1143 + 566. Determine x(10).
12
Let n(v) be the second derivative of 1/120*v**5 + 0 + v + 0*v**2 - 1/3*v**4 - 13/6*v**3. Let h(s) be the second derivative of n(s). Determine h(10).
2
Let n(s) = -2*s**3 + 2*s**3 + 3*s**2 - 8 + 7 + s**3 - 2*s. Suppose 3*g + 9 = x, 20 = -5*g - 5*x - 15. Give n(g).
-9
Suppose 0 = -r + 34 + 3. Suppose 41 = m + 2*p, p - 178 = -m - 4*m. Let f = m - r. Let w(v) = 3*v + 2. Determine w(f).
-4
Let h = 2792 + -2787. Let r(d) = 4*d**2 + 10*d. Let j(b) = b**2 + b - 1. Let u(y) = 5*j(y) - r(y). What is u(h)?
-5
Let l(r) = 29*r**2 - 34*r**2 + 0 + 0. Let y be 4/(-20) + 0 - 93/(-15). Let v(c) = -c**2 + 5*c + 5. Let i be v(y). What is l(i)?
-5
Suppose -3*q + 2*q - 10 = 0. Let l(a) = 37*a - 116. Let i be l(3). Let p(u) = 11*u - 10. Let y(b) = -2*b + 4. Let d(m) = i*y(m) - p(m). Calculate d(q).
0
Suppose -5*z = -5*g - 5, -2*g + 1183*z = 1185*z + 2. Let y(h) be the first derivative of 2*h**3 - h**2 - 2*h + 7. Calculate y(g).
6
Let r(l) = 6*l - 1391 - 3*l**2 + 30*l - 8*l + 1408. Determine r(9).
26
Let o be (-244)/(-28) + 18/63. Let j(v) = 945*v**2 - 946*v**2 + o*v + v + 7. Calculate j(11).
-4
Let z(b) = 32*b - 1. Let c(f) = -805*f + 20. Let y(q) = c(q) + 25*z(q). Suppose g = 4*g + 12. Give y(g).
15
Let o = -372 - -379. Let c(j) = -344*j + 346*j + j**2 + 3 - j**3 + 6*j**2. Determine c(o).
17
Let i(a) = -12*a + 122. Suppose 147*z = 2*o + 146*z - 21, 3*o - 2*z = 31. Give i(o).
-10
Let q(b) be the third derivative of -b**8/6720 + b**7/360 - b**6/90 - b**5/60 - 37*b**4/12 - 19*b**2. Let s(i) be the second derivative of q(i). Calculate s(6).
-14
Let k(j) = -8*j**2 - 4*j + 3. Let l(n) = -4*n**2 - n + 3. Let s(y) = -k(y) + l(y). Determine s(-3).
27
Let p(i) be the first derivative of i**2 + 10*i + 36874. Let u be ((-27)/(-3))/(1*-1). Give p(u).
-8
Let l(r) = -r - 29. Let f = -5189 + 5168. Calculate l(f).
-8
Let i(l) = -l**3 + 28*l**2 + 28*l + 35. Let s be i(29). Let t be (-67)/5 - s/(-45)*3. Let y(w) = w + 15. Determine y(t).
2
Suppose 127*h - 129*h + 4 = 0. Let z(s) be the third derivative of 1/120*s**6 + 0 + 0*s + 1/60*s**5 + 2*s**h - 1/6*s**3 - 1/6*s**4. What is z(3)?
23
Let m = 6001 + -360059/60. Let p(i) be the third derivative of 0*i - 17*i**2 - m*i**5 + 0 - 3/2*i**3 + 0*i**4. Give p(0).
-9
Suppose 0 = 2*m - 0*u + 4*u - 18, m = 2*u + 9. Let s = m - 5. Let v(g) = 10605*g + 68*g**2 - g**3 + 2 - 65*g**2 - 10603*g. Give v(s).
-6
Suppose 19*a - 4*a = -3*a + 18. Let v(r) = -5*r**2 + 2*r - 1. What is v(a)?
-4
Let o = 14400 - 14404. Let m(b) = 4*b - 4*b + 2*b + 3. Calculate m(o).
-5
Let g(p) = -2*p - 6. Suppose 4*i + 63 = 3*n, 2*n = 3*i + n + 41. Let z be 1*(-3 - 4)*i/21. Suppose z*r + r = -25. Determine g(r).
4
Let v(f) = 0*f + 79 + 5*f - 5*f**3 - f**3 - 3*f**2 - 77 + 2*f**3. Give v(-3).
68
Let u(a) = 35*a + 206. Suppose 5043*w - 5057*w = 84. Calculate u(w).
-4
Suppose -1 = 3*r - 5*v - 33, 5*r - 41 = -4*v. Let d be r/27*30*(-2)/4. Let g(a) = -4*a**2 + 1 + 4*a - a**3 - 2 + 0*a**2. What is g(d)?
4
Suppose 0 = -18*t + 186 - 204. Let r(g) = -14*g**2 - 16*g + 2. Give r(t).
4
Suppose 3*r + r - 16 = 0. Suppose 0 = 11*g - r*g - 14. Suppose 17 = 5*u - 4*o, -g*o - 4 = 5*u + o. Let q(n) = 5*n**2 + n - 1. Determine q(u).
5
Let f(k) = k**2 - 14*k - 3. Let m = 887 + -876. Calculate f(m).
-36
Let a = 110 - 96. Suppose 0 = -q + 2, -2*q + 0*q + a = 2*i. Let g(t) = -7*t - 1. Let h(y) = -y. Let n(v) = -g(v) + 5*h(v). What is n(i)?
11
Suppose -4*g + 2*z = -30, 3*z = 2*g + 4*z - 13. Let a(j) = -j**3 + 4*j + 6*j**2 - g*j**2 - 2*j**2 + 0*j**2 - 5. What is a(-5)?
25
Suppose 3*j - 6 = 4*s, 4*s = 16 - 4. Suppose j = 4*o - 2. Suppose 0 = -o*k + 4*k - 12. Let d(p) = p**2 - 5*p - 5. What is d(k)?
1
Let s(n) = -8086*n + 8 - 16 + 8087*n + 13. What is s(-11)?
-6
Let h(q) = 11*q - 171. Let v(s) = 57*s + 3892. Let a be v(-68). Calculate h(a).
5
Let t(f) = -f**3 + 5*f**2 + 12*f + 134. Let z(u) = -21. Let x(r) = t(r) + 6*z(r). Calculate x(7).
-6
Let w(c) = -c**2 - c + 9. Let l(m) = m**2 + 3*m - 21. Let j(v) = 